q. Let k = -2 + -1. Calculate p(k).
2
Let l = 885 - 879. Let b(a) = -a + 11. What is b(l)?
5
Let k(j) = 175 + 173 - 6*j - 348. Give k(1).
-6
Let h(q) = 13*q**2 - 4*q - 1. Suppose 5*a - 1660 = -1650. Give h(a).
43
Let m(u) = -u**3 - 4*u**2. Let l be m(-5). Suppose 6*i + l = i. Let q(y) = -y**2 - 7*y - 6. Calculate q(i).
4
Let d(s) = -s - 6. Suppose 31*c - 17*c + 168 = 0. What is d(c)?
6
Let o(i) be the first derivative of i**4/8 + i**3/2 - 3*i**2 - 3. Let q(l) be the second derivative of o(l). Determine q(-2).
-3
Let p = 37 - 35. Suppose -12 - 4 = 4*u - 2*x, p*x = 2*u + 4. Let t(v) = v**2 + 8*v + 5. What is t(u)?
-7
Let l(d) = d**3 + 6*d**2 + 5*d - 5. Let j be l(-5). Let m(k) = 3*k - 4. Let t(o) = 2*o - 3. Suppose 3*a = 108 - 96. Let q(u) = a*m(u) - 5*t(u). Determine q(j).
-11
Let k(w) = -w**2 - 5*w. Suppose 3*c - 2*r + 4*r - 20 = 0, -2*c + 20 = 3*r. Let g be -9 - (c + -2 - 5). Give k(g).
-6
Let t(u) be the second derivative of 3*u**5/10 + u**4/6 + u**3/3 + u**2/2 + 17*u. Let i = -4 + 5. Suppose -h + 0 - i = 0. Determine t(h).
-5
Let f(g) be the third derivative of g**6/120 - g**5/12 - g**4/24 - g**3/3 - 17*g**2 - 6. Determine f(3).
-23
Let i(a) = -a**3 - a**2 + a + 7. Let u(c) = -c**2 - 4*c. Let n be u(-4). What is i(n)?
7
Let o(j) = -2*j + 2. Let v = -11 + 16. Suppose 37 = v*f - 13. Let q = f + -4. Calculate o(q).
-10
Let o(n) = 89*n + 4*n**2 - 47*n - n**2 + 2 + 3 - 46*n. Give o(2).
9
Let p(x) be the third derivative of x**5/60 + x**4/12 - 3*x**3/2 - 81*x**2. Calculate p(-4).
-1
Let f(p) = -2*p - 40. Let g(m) = -3*m - 47. Let q(n) = -6*f(n) + 5*g(n). What is q(7)?
-16
Let f = 1913/6 + -318. Let y(i) be the third derivative of f*i**3 + 0 + 1/120*i**6 - 4*i**2 + 0*i - 1/12*i**5 + 1/6*i**4. Give y(4).
5
Let s = -1 - 0. Let l(w) = 29 - 10 - 12 - 11*w + w - 8. Give l(s).
9
Let g(u) = 24*u - 1. Let n(j) = -68*j + 4. Let k(b) = -14*g(b) - 5*n(b). Suppose -3*y = 2*y - 10. Let x be (y/(-6))/(1/(-15)). Determine k(x).
14
Let x(v) be the third derivative of v**5/60 - v**4/12 - v**3/6 - 10*v**2. Let r be (-6)/2 - (-13 + 0). Let z be 15/r*(-8)/(-3). Determine x(z).
7
Let u(t) be the third derivative of -1/8*t**4 - 1/120*t**5 + 0 + 0*t + 10*t**2 - t**3 - 1/360*t**6. Let b(y) be the first derivative of u(y). Determine b(0).
-3
Suppose 3*k - o = 24, -k = 3*o + 2*o + 8. Let m(a) = 11 - a**3 - 17 + 7*a + 6*a**2 + 11. Determine m(k).
5
Let d(j) = -4*j**2 + 1 - 4*j + 6*j + j**2. Let o be d(-1). Let b(l) be the third derivative of l**5/30 + 5*l**4/24 + 2*l**3/3 - 233*l**2. Give b(o).
16
Let r(o) = -3*o - 16. Let i(p) = -15*p - 188. Let x be i(-12). Determine r(x).
8
Let z(s) = 12*s**2 - 12*s + 5. Let k(t) = -t**2 + 1. Let m(g) = 5*k(g) + z(g). Let v(l) = 8*l**2 - 13*l + 11. Let r(w) = 7*m(w) - 6*v(w). Give r(3).
-5
Suppose 0 = -5*u + 69 + 6. Let d = 21 - u. Let n(x) be the third derivative of -x**6/120 + 7*x**5/60 - x**4/4 - x**3/2 - 37*x**2. What is n(d)?
-3
Let n(q) = -q**3 - q**2 + 4*q. Let w be ((-18)/5)/((-1)/(-5)). Let a be (1/(-3))/((-3 + 1)/w). Calculate n(a).
6
Let t(l) = 7*l - 3. Let h(g) = -g**2 + 4*g + 9. Let a be h(-2). Calculate t(a).
-24
Let l(j) be the first derivative of -j**5/60 - j**4/8 - j**3/3 - 5*j**2/2 - 33. Let r(f) be the third derivative of l(f). Give r(-3).
3
Let n(b) = 14*b**2 - 10*b**2 - 3*b - 4*b**3 + b**3. Let z be 2/((9 - 5) + -3). What is n(z)?
-14
Let x(w) = -3*w + 0*w + 5*w - w + 14. Determine x(-15).
-1
Let v = -1 - 0. Let c = 6 + v. Let k(j) = 3*j**2 - 5*j + 1. Let d(q) = 16*q**2 - 25*q + 5. Let t(l) = 2*d(l) - 11*k(l). Calculate t(c).
-1
Suppose 30 = 3*t - 3*h, -4*t + 4 + 0 = 5*h. Let w(u) = u**3 - 4*u**2 - 11*u - 3. Let c be w(t). Let r(a) = 5*a - 4. Calculate r(c).
11
Let u be 10/(-25)*(-4)/32. Let q(x) be the second derivative of 0 - u*x**5 + 2*x**2 - 5/12*x**4 + x + 7/6*x**3. Give q(-6).
-2
Let q(p) = p**2 + 2*p - 12. Let m be q(-5). Suppose -m*t - 2 = -3*u + 1, 4*u = 3*t + 5. Let o(r) = -3 + r**2 - 1 + 0*r**2 + 5*r + 0*r**u. Calculate o(-5).
-4
Let g(y) = y**3 - 8*y**2 + 8*y + 9. Suppose 5*m - 88 + 53 = 0. Give g(m).
16
Let l(q) be the first derivative of q**3/3 - 13*q**2/2 + 4*q - 3. Determine l(12).
-8
Let l(d) be the second derivative of d**5/120 + d**4/4 + 2*d**3/3 + 10*d. Let f(g) be the second derivative of l(g). What is f(-6)?
0
Let f(t) be the first derivative of t**5/60 + 5*t**4/24 - t**3/2 - 9*t**2/2 - 22. Let s(w) be the second derivative of f(w). Determine s(-6).
3
Let n(o) = o - 6. Let m be n(10). Let i = m + -7. Let v(c) = -5*c - 4. Give v(i).
11
Let d(f) = 5*f - 4. Let p(a) = 6*a - 4. Let j(c) = -7*d(c) + 6*p(c). Suppose -5 - 3 = 2*q, -3*g + 5*q - 1 = 0. Give j(g).
-3
Let h(f) = -f**3 - 3*f**2 + 4*f - 4. Suppose -15*c + 290 - 350 = 0. Calculate h(c).
-4
Suppose 7 = -5*v - 28. Let t(k) = 6*k + 19. Let y(z) = 4*z + 13. Let f(c) = v*y(c) + 5*t(c). Determine f(-3).
-2
Let z(y) = y**3 - y**2 + y - 2. Suppose w + 5*x - 14 = -3, -4*w = 3*x - 27. Let j(v) = -v + 8 + 5*v**2 - 7*v - 4*v**2 + 4. Let s be j(w). Give z(s).
-2
Let i = -76 + 78. Let d(r) be the first derivative of 9 - 1/2*r**i + 5*r. Calculate d(4).
1
Suppose 0 = 5*v - 2*l - 20, 5*v + 0*l - 25 = 3*l. Let w(s) = -9*s + 2 - 3 + v + 17*s. Calculate w(2).
17
Suppose 5*y + 3*n = 206, 0*y + 3*y - 4*n - 141 = 0. Let d = -52 + y. Let i(x) = -x**2 - 9*x - 2. Give i(d).
-2
Let h be 5 - (-12)/(-3 + 0). Let d be (-5)/(-15)*(h - (1 - 0)). Let v(k) = -k - 13. What is v(d)?
-13
Let x(b) = 1 + 10*b**2 - 4*b**2 - 2 + b**3. Let y be x(-6). Let i(f) = 3*f**3 + f**2. Let m(v) = 4*v**3 + v**2. Let k(j) = -5*i(j) + 6*m(j). Calculate k(y).
-8
Let o(k) = 29*k - 1. Let a = -334 + 335. What is o(a)?
28
Let d(h) be the first derivative of 11*h**5/120 - h**3/3 - 2. Let o(n) be the third derivative of d(n). Let q = -398 - -397. Calculate o(q).
-11
Let z(o) be the first derivative of -o**3/3 - 2*o**2 - 186. Calculate z(-4).
0
Let w(q) = -q**3 + 4*q**2 - q + 1. Let g be w(3). Let u(v) = -7*v - 2 + 6 + 34*v - 25*v. What is u(g)?
18
Let s be 4/((4 - 2) + 0). Let t be -1 - 1 - (1 - 8). Let y(b) = 5*b**3 + 2*b**2 - 2*b. Let g(o) = -9*o**3 - 3*o**2 + 4*o. Let i(l) = t*y(l) + 3*g(l). Give i(s).
-8
Let a be 12/((-2)/(-4) - -1). Suppose -a = -z - z. Let i(h) = -z*h**2 + 0*h**2 - h**3 - 6 - 2*h**2 + 2. Give i(-6).
-4
Let c(v) be the second derivative of v**3/2 - v**2/2 - 65*v + 2. Calculate c(4).
11
Let f(t) = -t**3 + 16*t**2 - 16*t + 9. Let k = 134 - 119. Calculate f(k).
-6
Let j(z) = 26*z**2 - 4*z - 2. Let q(b) = 8*b**2 - b - 1. Let g(x) = -3*j(x) + 10*q(x). Calculate g(-4).
20
Suppose 406 = 3*b - 176. Let o(i) = 0*i + i + 194 - b. Calculate o(4).
4
Let z(q) = -2*q**2 - q + 1. Let f(r) = -5*r - 10 - 8*r**2 + r**3 + 23 - 6 - 5*r. Let t be f(9). Determine z(t).
-5
Let n(w) be the third derivative of w**5/60 + 2*w**3/3 - 2*w**2. Let s(z) = -34*z + 269. Let a be s(8). What is n(a)?
13
Let b be 0*(-8)/24 + -1 + 2. Let v(c) = 16*c**2 - c**2 - 2*c**2. What is v(b)?
13
Let q = 1710 + -1705. Let o(a) be the first derivative of -a**3/6 + 7*a**2/2 - 2*a - 1. Let j(r) be the first derivative of o(r). Calculate j(q).
2
Let p(q) be the first derivative of q**6/360 + q**4/24 + 8*q**3/3 + 6. Let o(y) be the third derivative of p(y). Determine o(-3).
10
Suppose 10*m - 13*m + 12 = 0. Let v(f) = -f**3 - f**2. Let r(w) = 3*w**3 + w**2 + 4*w + 5. Let d(c) = m*v(c) + r(c). Determine d(-4).
5
Let c(i) = i**2 + i - 1. Let q be (1 + -1)*(25 + -26). Determine c(q).
-1
Let k(g) = 2*g**2 - 5*g**2 + 6*g**2 - 3*g - 2*g**2 - 3. Suppose -y + 0 + 2 = 0. Suppose 2*l - 25 = 5*o, -l + o + y = 2*o. Calculate k(l).
7
Let h(p) = -p - 3. Let j(q) = 2*q - 10. Let z(a) = 3*h(a) - j(a). Suppose 2*i + i = 3. What is z(i)?
-4
Suppose h - 4 = -2*t, -5*t - 20 = 3*h - 7*t. Let g(k) = -k**2 - 4*k + 3. Give g(h).
3
Let c(h) be the first derivative of h**3/3 + h**2/2 - h - 4. Let o be c(2). Suppose -2*t - 17 = -o. Let v(f) = f**3 + 5*f**2 - 6*f - 8. Determine v(t).
-8
Let u be (6/(-20))/3 - (-1098)/180. Let v(i) be the first derivative of i**2 + 3*i + 1. Determine v(u).
15
Let a(w) be the first derivative of -w**2/2 + 5*w + 3. Suppose -u + 10*u = 45. Suppose -3*z + 5*r + 33 = 0, 5*r + 3 - 18 = -u*z. Calculate a(z).
-1
Let u(f) = f**3 - 6*f**2 - f + 6. Suppose 8 = 14*d - 13*d. Suppose -b + d = k - 3*b, 5*b = -k + 1. Calculate u(k).
0
Let